-2)?
-8
Let d(x) = -x**3 + 10*x**2 - 8*x - 18. Let y = 11342 - 11333. What is d(y)?
-9
Suppose -273 = -275*f + 236*f. Let y(t) = 13*t - 92. Give y(f).
-1
Let r(w) be the first derivative of w**3/3 + 2*w**2 + 2*w - 162. Suppose -8 = -3*f - 2*h - 17, 3*f = -4*h - 3. What is r(f)?
7
Let f(t) = 8 + 4*t + 7 - 3*t. Let b(k) = k**3 - 39*k**2 + 9*k + 1094. Let h be b(38). What is f(h)?
7
Let a(f) = -f**2 + 3*f - 7. Let i be (-3)/(0/2 + 87/(-116)). What is a(i)?
-11
Let k(s) be the first derivative of -s**6/360 + s**5/15 - s**4/8 + 22*s**3 - 57. Let y(z) be the third derivative of k(z). What is y(7)?
4
Let n(f) = 10*f + 9. Let r(z) = -z**2 + 31*z + 1737. Let a be r(-29). Calculate n(a).
-21
Let l = -2 - 350. Let w = -353 - l. Let m(k) be the third derivative of -k**5/10 - k**4/24 + 2*k**2. Give m(w).
-5
Let q(a) be the third derivative of -a**8/20160 + a**7/630 - a**6/180 + 17*a**5/60 - a**4/12 + 84*a**2. Let t(u) be the third derivative of q(u). Give t(7).
3
Let s(i) = -i**2 - 8*i - 11. Let g be s(-5). Let c = 69 + -67. Let o(l) = -4 + 2 - l**3 - 6*l**c - l + 10*l**2 + 3. Calculate o(g).
-3
Let w(u) be the first derivative of 7*u**2/2 + 9*u + 6331. Give w(-4).
-19
Suppose 0 = -41*h - 0*h + 533. Suppose -h*s + 16*s = 12. Let l(v) = -10*v + 4*v + 4 + v**3 - 5*v**2 + 2*v**2. What is l(s)?
-4
Let j(v) be the third derivative of -v**3 + 1/120*v**6 + 1/8*v**4 + 82*v**2 + 0*v + 0 - 1/10*v**5. What is j(6)?
12
Let f(d) be the first derivative of d**3/3 + 13*d**2 + 40*d - 6002. Determine f(-12).
-128
Suppose 3*o + 2*v - 5 = 0, -5*o - 33*v - 1 = -32*v. Suppose -4*p + 7*p = 0. Let a(h) = h**2 + p*h - h - 10 + 9. Determine a(o).
1
Let r(l) = -l**3 + 7*l**2 + l + 2. Let h = -101 - -103. Let k(g) = 0*g**2 - 10*g - 7 - g**h + 26 - g. Let x be k(-12). Give r(x).
9
Let i(v) = v**3 + v**2 - 29*v + 4. Let n(s) = -s**3 + s**2 + 24*s - 5. Let w(f) = -3*i(f) - 4*n(f). Give w(8).
0
Let m(l) = -9 - 15 + 54*l - 6 - 13 + 44. Determine m(3).
163
Let w(j) = 0*j - 16*j + 0*j. Suppose -4*v + 23*v = 342. Let h be 5/6 + -1 + (-15)/v. Determine w(h).
16
Let w(v) = -6*v**2 + v + 1. Let r(z) = -2*z**2 + 20*z - 43. Let q be r(13). Let h = q - -120. What is w(h)?
-6
Let c(w) = -w - 2*w + 0 - 1. Suppose -2*p + 27 = 17. Suppose -2*r - 9 = -3*h - p, h + 4*r = 6. Give c(h).
-7
Let s(o) = 6*o + 86. Let z be s(-14). Let d(r) = 1 + r - 4*r**3 + 4 - 1039*r**z + 1037*r**2 - 5. Let k be 1*-2*2/(-4). Give d(k).
-5
Let b(h) = -h**2 + 7*h - 7. Suppose -209 = -3*m - 191. Let x be (m/(-15))/((-16)/200). What is b(x)?
3
Let i(l) = -7*l**3 - 15*l**2 - 54*l - 6. Let d(h) = -5*h**3 - 15*h**2 - 55*h - 7. Let w(q) = -3*d(q) + 2*i(q). Calculate w(-7).
2
Let v be 7 - 280/(-24) - 4/6. Suppose 4*d = 2*g - v, -3*g = -5*d + 4*d - 12. Let q(p) be the second derivative of -p**3/3 + p**2 - p. Determine q(d).
8
Let h(m) = 15*m**2 - m - 4. Suppose 122*d + 67 = 311. Calculate h(d).
54
Let m(g) = -9 + 0 + 0*g**3 + 11*g**2 - 1173*g - g**3 + 1179*g. Calculate m(11).
57
Let q(t) = -t**3 + 6*t**2 - 8*t + 8. Let h be q(4). Suppose -15 = -h*f + 17. Let b(d) = -f*d - 1 - 15 + 5*d. Determine b(8).
-8
Let v be -15 - 12/((-276)/437). Let b(g) be the second derivative of 19*g + 2*g**2 + 0 - 1/2*g**3 + 1/12*g**v. Calculate b(3).
4
Let g(o) = 3*o**2 + 28*o + 27. Suppose 3*y + 5*c = 1, c + 7 = 5*y + 52. Let p be g(y). Let w(x) = -x**3 - 6*x**2 - 3*x + 3. Calculate w(p).
-7
Let b(n) be the first derivative of -3*n**4/2 + 2*n**3/3 - 4*n**2 + 7*n - 5304. Give b(1).
-5
Suppose 92 = -475*a + 1038*a - 517*a. Let i(v) = 10*v + 5. Let m(y) = 9*y + 4. Let l(w) = -6*i(w) + 7*m(w). What is l(a)?
4
Suppose 0 = 25*i - 28*i - 30. Let m(n) be the first derivative of -n**3/3 - 7*n**2/2 + 43. Calculate m(i).
-30
Suppose b = -4 - 1. Let m(r) = 3*r**3 - 6*r**2 + 2*r + 5. Let q(t) = t**3 + t. Let v(i) = -m(i) + 4*q(i). Calculate v(b).
10
Let n(x) be the first derivative of -x**3/3 - 7*x**2 - 15*x - 2111. Give n(-9).
30
Let c(v) = -6*v - 289. Let k(t) = 3*t + 136. Let p(l) = -6*c(l) - 13*k(l). Determine p(10).
-64
Let g(j) = 5*j**2 + 2*j - 4. Suppose 3*t - 20*y = -22*y - 7, -5*t + 25 = -4*y. Calculate g(t).
3
Let i(m) be the third derivative of -m**5/60 - m**4/3 - 10*m**3/3 - 56*m**2 - m + 2. Calculate i(0).
-20
Let d(v) be the second derivative of -v**5/20 + v**4/3 + 3*v**3/2 - 17*v**2/2 - 90*v - 2. Give d(6).
-35
Suppose 5*q = -8*q + 208. Suppose -4*r - 11 = -3*m, 2*m + 2*r - q + 4 = 0. Let t(x) = 4*x - 23. What is t(m)?
-3
Let k(q) be the second derivative of q**3/6 + 11*q**2 - 5778*q. Give k(-18).
4
Let r(a) = -a**2 + 7*a + 8. Suppose -t + x - 6 = 0, -t - 4*x - 4 = 2*t. Let q be (2/5)/(0 + t/40). Let p be ((-7)/((-21)/36))/((-6)/q). Give r(p).
0
Let j(i) = i**3 - 8*i**2 - 9*i + 30. Let d be (272/(-85))/(14/(-35)). Give j(d).
-42
Suppose -34 = -0*b - 5*b + 2*f, 5*f - 47 = -4*b. Suppose 5*a - 14 = 2*o, -4*a + 2*o + 9 + 3 = 0. Let r(x) = -x**2 + 3*x - a + 5*x + 2 - 3. Determine r(b).
-3
Let k(q) be the second derivative of 68*q - 1/20*q**5 - 7/2*q**2 - 1/6*q**3 - 2/3*q**4 + 0. What is k(-8)?
1
Let p be ((-12)/(-20) - (2 - 1))/((-88)/220). Let c(q) = -25*q + 7. Give c(p).
-18
Let w = 488 + -490. Let b(v) = -3*v**2 + 13*v - 9. Let h(s) = -7*s**2 + 29*s - 18. Let r(j) = w*h(j) + 5*b(j). Determine r(7).
-9
Suppose 217*s = 211*s - 42. Let z(i) be the second derivative of i**5/20 + 2*i**4/3 + 3*i**3/2 + 5*i**2/2 + 20*i. What is z(s)?
-9
Let o be 0/5 - 3*-1. Let u(m) = -5*m - 5 - m**2 + 5*m - o*m - 2*m. Suppose -3*p - 5 = 10. Calculate u(p).
-5
Let q(j) = -3*j**3 + 5*j**2 - 2*j + 13. Let b(w) = -4*w**3 + 6*w**2 - 2*w + 20. Let c(d) = -2*b(d) + 3*q(d). Calculate c(5).
-61
Let h(t) be the second derivative of -t**3/6 + 13*t**2/2 + 8*t. Suppose 34*k - 4 = 132. Calculate h(k).
9
Let h = -33 + 43. Let c(d) = -d**2 + 10*d. Let k(t) = -t**2 + 10*t + 4. Let x(o) = -4*c(o) + 3*k(o). Determine x(h).
12
Let k(t) = 4 + 172*t - 181*t + 4 + 13. Let z(v) be the second derivative of 2*v**3/3 - 5*v**2 - v. Let n(c) = -3*k(c) - 7*z(c). Determine n(4).
3
Let t be ((-220)/8)/(-5)*(-8)/(-4). Let p(k) = -4*k**2 - 8*k + 22. Let s(c) = -c**2 - 3*c + 8. Let w(a) = t*s(a) - 4*p(a). Determine w(-1).
6
Let s(i) be the first derivative of 0*i**2 - 25*i + 1/2*i**3 - 1/20*i**5 + 19 + 1/4*i**4. Let f(r) be the first derivative of s(r). Determine f(4).
-4
Let a = -102/205 + 511/615. Let x(j) be the first derivative of 36 - j**2 - j + a*j**3. Calculate x(4).
7
Let m(l) = 2*l**2 + 15*l + 6. Suppose -99*z + 3*z - 980 = 44*z. Calculate m(z).
-1
Let n = -21 - -17. Let r(x) = 3*x - 1. Let t(q) = -1 + 8*q - 2*q + q - 3*q. Let w(z) = 5*r(z) - 4*t(z). Give w(n).
3
Let d(c) = -420 + 155 + 166 + 8*c + 152 - 3*c. What is d(-22)?
-57
Let u(y) be the first derivative of y**2/2 + 6*y + 3338. Let d(v) = v + 3. Let b be d(5). Determine u(b).
14
Let c(h) be the third derivative of h**5/60 - 31*h**4/24 + 67*h**3/2 - h**2 + 43*h - 64. What is c(10)?
-9
Let y(b) = 67 + b**2 + 12 - 84 + 2*b + 26*b + 34. Give y(-24).
-67
Let p(r) = 4*r - 23. Suppose 3*w + 81 = -4*v, -2*w = -2*v + 3*v + 24. Give p(v).
-95
Let w(x) be the first derivative of -125 + 43*x**2 - 29*x**2 + x - 17*x**2. Let g = 11 + -8. What is w(g)?
-17
Let i(c) = c**3 - 2*c**2 - 3*c - 2. Let t be (-3)/7 - 3306/(-21). Let h = 155 - t. Calculate i(h).
-12
Let w(x) be the first derivative of -x**4/4 + 2*x**3/3 + x**2/2 - 2344. What is w(2)?
2
Let n(k) = 2*k - 3. Let y(d) = -d**2 + 12*d - 17. Let u be 36/(-30)*(-20)/3. Let t be y(u). Let f = -22 + t. Determine n(f).
-17
Let z(o) = 1882*o - 1890*o + 3 - 6. Let h be z(-1). Let v(f) be the third derivative of f**6/120 - f**5/15 - f**4/8 - f**3/3 - 8*f**2. Give v(h).
8
Let m(b) = 8*b. Let p = 1118 + -776. Let t be (p/(-42))/3 + (-8)/28. Determine m(t).
-24
Let q(l) be the second derivative of l**4/12 - 11*l**3/6 - 3*l**2/2 - 665*l - 1. Determine q(12).
9
Let a be 1066/(-246)*(-2)/26*24. Suppose -o + 7 = 1. Suppose -o*b + 10*b = -a. Let d(u) = u**2 + 3*u + 3. Determine d(b).
1
Suppose -17*g + 5695 = 6273. Let n(y) = y**3 + 34*y**2 + y + 30. Calculate n(g).
-4
Let w(f) = -f**2 - 6*f - 4. Suppose -6*z - 116 = -20. Let u be (-284)/z + 1/4. Suppose -4*n - u = -n. Give w(n).
-4
Let b = 16134 + -16132. Let s(l) be the first derivative of -15*l - 1/3*l**3 - 32 + 0*l**b. Determine s(0).
-15
Let p be (4/6 + -2)/((-1)/